visor of 1872800 and 21600?
800
Calculate the greatest common divisor of 2384 and 165008.
16
What is the greatest common divisor of 13754 and 265018?
26
Calculate the greatest common factor of 19402944 and 8.
8
Calculate the greatest common divisor of 1291 and 719346491.
1291
Calculate the greatest common factor of 372 and 2673841326.
186
Calculate the greatest common divisor of 387013 and 702262.
2563
What is the greatest common divisor of 102114 and 133407?
1647
What is the greatest common divisor of 13 and 221499863?
13
Calculate the highest common factor of 9272199 and 796893.
1623
What is the highest common divisor of 10 and 72155905?
5
Calculate the highest common factor of 5260130 and 4580.
2290
Calculate the greatest common divisor of 454 and 26861137.
227
Calculate the highest common divisor of 688653 and 4743.
153
Calculate the highest common factor of 732135 and 15315.
15
What is the greatest common factor of 69158 and 874894?
302
Calculate the highest common factor of 747 and 38425.
1
What is the greatest common factor of 225032 and 251666?
46
Calculate the highest common divisor of 17316845 and 4165.
245
Calculate the greatest common divisor of 82993482 and 2926.
418
What is the greatest common factor of 7883460 and 325260?
2340
Calculate the greatest common divisor of 14928 and 9074980.
1244
What is the highest common divisor of 9101919 and 102?
51
What is the greatest common divisor of 269595 and 3105?
135
Calculate the greatest common factor of 1770 and 187815231.
177
Calculate the greatest common factor of 84136 and 126360.
104
Calculate the greatest common factor of 390111 and 1725078.
3579
Calculate the highest common divisor of 5921640 and 6840.
360
What is the greatest common divisor of 3861 and 30208893?
429
Calculate the highest common factor of 270 and 15767200.
10
Calculate the greatest common divisor of 5138 and 577658.
734
What is the highest common factor of 17457 and 733953?
759
What is the highest common factor of 561 and 232313313?
51
What is the highest common divisor of 54 and 413773884?
18
Calculate the greatest common factor of 3393333 and 405.
81
What is the greatest common divisor of 407 and 31125288?
37
Calculate the greatest common factor of 479570 and 1309.
119
What is the highest common divisor of 1313100 and 16?
4
What is the greatest common factor of 32940 and 3085155?
135
Calculate the highest common factor of 8818626 and 710.
142
What is the greatest common factor of 837240 and 1920?
120
Calculate the greatest common factor of 228 and 55590884.
76
What is the greatest common factor of 1483 and 114053081?
1483
Calculate the highest common factor of 14 and 3023756246.
14
Calculate the highest common factor of 11800544 and 672.
224
What is the greatest common factor of 5730496 and 36800?
1472
What is the greatest common divisor of 529288 and 5312?
8
What is the highest common factor of 4555571 and 1835?
367
Calculate the greatest common divisor of 61507897 and 12782.
913
Calculate the greatest common factor of 22 and 536338.
22
Calculate the greatest common factor of 8579 and 6210823.
373
Calculate the highest common divisor of 263711799 and 78.
39
What is the highest common factor of 13 and 56308759?
13
Calculate the greatest common divisor of 606797 and 1696.
53
What is the highest common divisor of 23639196 and 84?
84
What is the greatest common factor of 52548177 and 1961?
37
What is the highest common factor of 560082 and 760?
38
Calculate the highest common factor of 72704 and 992.
32
What is the greatest common factor of 2685 and 178221171?
537
Calculate the greatest common factor of 4046 and 13584156.
578
Calculate the highest common divisor of 1132 and 224.
4
What is the highest common factor of 750492184 and 8?
8
What is the highest common divisor of 1404 and 2793908?
52
Calculate the greatest common factor of 20 and 2423556.
4
Calculate the highest common divisor of 1 and 82852803.
1
What is the highest common divisor of 50542 and 326474?
1366
What is the highest common factor of 18372930 and 100?
10
Calculate the greatest common factor of 14885115 and 1785.
1785
What is the greatest common divisor of 20758 and 135994?
194
What is the highest common divisor of 3737332 and 711?
79
Calculate the highest common factor of 8357200 and 6200.
200
What is the highest common divisor of 468061 and 238?
17
Calculate the highest common divisor of 118827 and 76773.
489
What is the highest common divisor of 413193 and 516021?
627
Calculate the highest common factor of 9786417 and 96.
3
What is the highest common divisor of 3665695 and 7865?
605
What is the greatest common divisor of 102 and 290986314?
102
Calculate the highest common divisor of 596 and 10380383.
149
What is the highest common divisor of 12515 and 3984776?
2503
What is the highest common factor of 1953 and 150563?
7
Calculate the greatest common factor of 27625004 and 1023.
11
What is the greatest common divisor of 287687128 and 4232?
4232
Calculate the highest common factor of 14271 and 335067.
201
What is the greatest common factor of 18 and 102229749?
9
What is the greatest common divisor of 1943 and 19456651?
29
What is the highest common divisor of 71824 and 141638?
134
Calculate the greatest common factor of 31454720 and 1760.
1760
What is the highest common factor of 4643025 and 6975?
2325
Calculate the greatest common divisor of 824 and 1776208.
8
What is the greatest common divisor of 1 and 24618544?
1
What is the highest common factor of 25821 and 264765?
57
What is the greatest common factor of 2823509 and 559?
559
Calculate the highest common divisor of 960 and 1514460.
60
What is the greatest common factor of 45 and 61529415?
15
What is the greatest common divisor of 1546233 and 16523?
533
Calculate the greatest common factor of 117 and 9927593.
13
Calculate the highest common divisor of 196906428 and 18.
18
Calculate the greatest common factor of 1661809 and 192329.
2161
What is the greatest common factor of 140 and 7973630?
70
What is the greatest common factor of 452 and 526644?
4
What is the greatest common factor of 2091950 and 164045?
1505
What is the highest common divisor of 10176 and 823832?
424
Calculate the highest common factor of 7560 and 2412520.
40
What is the highest common divisor of 6263519 and 403?
31
What is the highest common divisor of 273154009 and 3138?
523
Calculate the greatest common divisor of 19045 and 1980387.
293
Calculate the greatest common factor of 1102714226 and 6662.
6662
Calculate the greatest common divisor of 30 and 93729590.
10
Calculate the greatest common divisor of 1321 and 29360546.
1321
Calculate the highest common divisor of 82603773 and 21546.
3591
What is the highest common divisor of 305 and 22536145?
305
What is the highest common factor of 172823 and 2107?
49
What is the highest common divisor of 5 and 37802255?
5
Calculate the greatest common divisor of 108837 and 3587590.
4031
What is the greatest common divisor of 124 and 12340201?
31
What is the greatest common factor of 2927 and 966632969?
2927
Calculate the greatest common factor of 6251 and 50535763.
893
Calculate the highest common factor of 3181991 and 1351.
193
What is the greatest common factor of 1562 and 18281648?
1562
What is the greatest common factor of 1281860 and 1926?
214
What is the highest common divisor of 62361 and 20549979?
369
What is the greatest common factor of 18908890 and 202930?
910
Calculate the greatest common factor of 2140380 and 553190.
5170
Calculate the highest common factor of 176751 and 14473.
41
Calculate the greatest common factor of 10813 and 560556733.
10813
Calculate the greatest common factor of 122122 and 167258.
182
What is the highest common divisor of 18988 and 13348?
188
Calculate the greatest common factor of 283880 and 79124.
604
What is the greatest common divisor of 29138 and 2289904?
1714
What is the highest common factor of 73831 and 337?
1
Calculate the highest common divisor of 88 and 8179432.
8
What is the greatest common factor of 1099805 and 14204?
67
Calculate the highest common factor of 2925 and 1096329.
39
What is the highest common divisor of 597772 and 20572?
148
What is the greatest common factor of 25392 and 6708249?
1587
What is the highest common div